















                            {"id":12573,"date":"2024-12-12T13:36:11","date_gmt":"2024-12-12T12:36:11","guid":{"rendered":"https:\/\/airconsulteamformation.com\/?post_type=product&#038;p=12573"},"modified":"2024-12-12T13:36:45","modified_gmt":"2024-12-12T12:36:45","slug":"formations-cuisine-creative-traditionnelle","status":"publish","type":"product","link":"https:\/\/airconsulteamformation.com\/index.php\/produit\/formations-cuisine-creative-traditionnelle\/","title":{"rendered":"Formations Cuisine cr\u00e9ative traditionnelle"},"content":{"rendered":"<p>\u2022 Objectifs : Ma\u00eetriser les techniques de base de la cuisine traditionnelle et<br \/>\nles revisiter avec une touche cr\u00e9ative. Savoir associer des produits locaux<br \/>\net de saison pour une cuisine authentique et innovante. Acqu\u00e9rir les<br \/>\ncomp\u00e9tences n\u00e9cessaires pour \u00e9laborer des menus \u00e9quilibr\u00e9s,<br \/>\nvisuellement attractifs et savoureux. D\u00e9velopper des connaissances sur<br \/>\nles nouvelles tendances culinaires et leur application pratique.<br \/>\n\u2022 Public concern\u00e9 : Professionnels de la restauration souhaitant diversifier<br \/>\nleur offre (chefs, cuisiniers, p\u00e2tissiers).<br \/>\n\u2022 Dur\u00e9e : 4 \u00e0 6 jours.<br \/>\n\u2022 M\u00e9thodes p\u00e9dagogiques : \u00c9tude de cas et d\u00e9gustations, Utilisation de<br \/>\nsupports.<br \/>\n\u2022 En pr\u00e9sentiel : Oui.<\/p>\n","protected":false},"excerpt":{"rendered":"<p>Explorez la richesse des recettes traditionnelles revisit\u00e9es avec une touche de modernit\u00e9.<br \/>\nCette formation permet de d\u00e9velopper des techniques culinaires vari\u00e9es tout en<br \/>\nrespectant le patrimoine culinaire r\u00e9gional ou national. Id\u00e9al pour ceux souhaitant innover<br \/>\nsans d\u00e9naturer.<\/p>\n","protected":false},"featured_media":12584,"comment_status":"open","ping_status":"closed","template":"","meta":[],"product_cat":[81],"product_tag":[],"class_list":{"0":"post-12573","1":"product","2":"type-product","3":"status-publish","4":"has-post-thumbnail","6":"product_cat-restauration","8":"first","9":"instock","10":"shipping-taxable","11":"product-type-simple","12":"knowlifi-col"},"_links":{"self":[{"href":"https:\/\/airconsulteamformation.com\/index.php\/wp-json\/wp\/v2\/product\/12573","targetHints":{"allow":["GET"]}}],"collection":[{"href":"https:\/\/airconsulteamformation.com\/index.php\/wp-json\/wp\/v2\/product"}],"about":[{"href":"https:\/\/airconsulteamformation.com\/index.php\/wp-json\/wp\/v2\/types\/product"}],"replies":[{"embeddable":true,"href":"https:\/\/airconsulteamformation.com\/index.php\/wp-json\/wp\/v2\/comments?post=12573"}],"wp:featuredmedia":[{"embeddable":true,"href":"https:\/\/airconsulteamformation.com\/index.php\/wp-json\/wp\/v2\/media\/12584"}],"wp:attachment":[{"href":"https:\/\/airconsulteamformation.com\/index.php\/wp-json\/wp\/v2\/media?parent=12573"}],"wp:term":[{"taxonomy":"product_cat","embeddable":true,"href":"https:\/\/airconsulteamformation.com\/index.php\/wp-json\/wp\/v2\/product_cat?post=12573"},{"taxonomy":"product_tag","embeddable":true,"href":"https:\/\/airconsulteamformation.com\/index.php\/wp-json\/wp\/v2\/product_tag?post=12573"}],"curies":[{"name":"wp","href":"https:\/\/api.w.org\/{rel}","templated":true}]}}