















                            {"id":12565,"date":"2024-12-12T13:36:09","date_gmt":"2024-12-12T12:36:09","guid":{"rendered":"https:\/\/airconsulteamformation.com\/?post_type=product&#038;p=12565"},"modified":"2024-12-12T13:36:18","modified_gmt":"2024-12-12T12:36:18","slug":"formation-gestion-entreprise","status":"publish","type":"product","link":"https:\/\/airconsulteamformation.com\/index.php\/produit\/formation-gestion-entreprise\/","title":{"rendered":"Formation Gestion entreprise"},"content":{"rendered":"<p>\u2022 Objectifs : Acqu\u00e9rir une vision globale des fonctions cl\u00e9s d\u2019une<br \/>\nentreprise (administration, finances, RH, marketing, production).<br \/>\nComprendre les principes de base de la gestion strat\u00e9gique et<br \/>\nop\u00e9rationnelle. D\u00e9velopper des comp\u00e9tences en prise de d\u00e9cision,<br \/>\ngestion des ressources et optimisation des performances. Apprendre \u00e0<\/p>\n<p>analyser les indicateurs de gestion pour orienter les actions.Ma\u00eetriser les<br \/>\noutils et m\u00e9thodes pour g\u00e9rer efficacement les risques et assurer la<br \/>\np\u00e9rennit\u00e9 de l\u2019entreprise..<br \/>\n\u2022 Public concern\u00e9 : Entrepreneurs et dirigeants d\u2019entreprise souhaitant<br \/>\nrenforcer leurs comp\u00e9tences en gestion. Responsables de d\u00e9partements<br \/>\nou managers en qu\u00eate de comp\u00e9tences en pilotage global. Porteurs de<br \/>\nprojets ou auto-entrepreneurs cherchant \u00e0 structurer et g\u00e9rer leur activit\u00e9.<br \/>\n\u2022 Dur\u00e9e : 3 \u00e0 5 jours (21 \u00e0 35 heures), selon le niveau de d\u00e9tail souhait\u00e9.<br \/>\n\u2022 M\u00e9thodes p\u00e9dagogiques : Approche th\u00e9orique, Supports p\u00e9dagogiques,<br \/>\nAteliers interactifs<br \/>\n\u2022 En pr\u00e9sentiel : Oui.<\/p>\n","protected":false},"excerpt":{"rendered":"<p>Approfondissez vos comp\u00e9tences en gestion financi\u00e8re, en strat\u00e9gie d\u2019entreprise et en<br \/>\norganisation. Cette formation s\u2019adresse aux entrepreneurs et managers souhaitant<br \/>\noptimiser leurs pratiques pour assurer la p\u00e9rennit\u00e9 et la croissance de leur structure.<\/p>\n","protected":false},"featured_media":12576,"comment_status":"open","ping_status":"closed","template":"","meta":[],"product_cat":[79],"product_tag":[],"class_list":{"0":"post-12565","1":"product","2":"type-product","3":"status-publish","4":"has-post-thumbnail","6":"product_cat-gestion","8":"first","9":"instock","10":"shipping-taxable","11":"product-type-simple","12":"knowlifi-col"},"_links":{"self":[{"href":"https:\/\/airconsulteamformation.com\/index.php\/wp-json\/wp\/v2\/product\/12565","targetHints":{"allow":["GET"]}}],"collection":[{"href":"https:\/\/airconsulteamformation.com\/index.php\/wp-json\/wp\/v2\/product"}],"about":[{"href":"https:\/\/airconsulteamformation.com\/index.php\/wp-json\/wp\/v2\/types\/product"}],"replies":[{"embeddable":true,"href":"https:\/\/airconsulteamformation.com\/index.php\/wp-json\/wp\/v2\/comments?post=12565"}],"wp:featuredmedia":[{"embeddable":true,"href":"https:\/\/airconsulteamformation.com\/index.php\/wp-json\/wp\/v2\/media\/12576"}],"wp:attachment":[{"href":"https:\/\/airconsulteamformation.com\/index.php\/wp-json\/wp\/v2\/media?parent=12565"}],"wp:term":[{"taxonomy":"product_cat","embeddable":true,"href":"https:\/\/airconsulteamformation.com\/index.php\/wp-json\/wp\/v2\/product_cat?post=12565"},{"taxonomy":"product_tag","embeddable":true,"href":"https:\/\/airconsulteamformation.com\/index.php\/wp-json\/wp\/v2\/product_tag?post=12565"}],"curies":[{"name":"wp","href":"https:\/\/api.w.org\/{rel}","templated":true}]}}